{"id":23,"date":"2024-07-15T21:59:05","date_gmt":"2024-07-15T19:59:05","guid":{"rendered":"https:\/\/domaine-lafond.com\/?page_id=23"},"modified":"2024-10-11T22:03:06","modified_gmt":"2024-10-11T20:03:06","slug":"histoire","status":"publish","type":"page","link":"https:\/\/domaine-lafond.com\/index.php\/histoire\/","title":{"rendered":"Histoire"},"content":{"rendered":"\n<div class=\"wp-block-columns is-layout-flex wp-container-core-columns-is-layout-28f84493 wp-block-columns-is-layout-flex\">\n<div class=\"wp-block-column is-vertically-aligned-center is-layout-flow wp-block-column-is-layout-flow\">\n<figure class=\"wp-block-image aligncenter size-full\"><img loading=\"lazy\" decoding=\"async\" width=\"105\" height=\"73\" src=\"http:\/\/domaine-lafond.com\/wp-content\/uploads\/2024\/07\/fr.jpg\" alt=\"\" class=\"wp-image-133\"\/><\/figure>\n<\/div>\n\n\n\n<div class=\"wp-block-column is-layout-flow wp-block-column-is-layout-flow\">\n<figure class=\"wp-block-image size-full\"><img loading=\"lazy\" decoding=\"async\" width=\"430\" height=\"522\" src=\"http:\/\/domaine-lafond.com\/wp-content\/uploads\/2024\/07\/cid_5D0DAF0F-6B85-441C-829C-55C1786B3B16@home.jpg\" alt=\"\" class=\"wp-image-19\" srcset=\"https:\/\/domaine-lafond.com\/wp-content\/uploads\/2024\/07\/cid_5D0DAF0F-6B85-441C-829C-55C1786B3B16@home.jpg 430w, https:\/\/domaine-lafond.com\/wp-content\/uploads\/2024\/07\/cid_5D0DAF0F-6B85-441C-829C-55C1786B3B16@home-247x300.jpg 247w\" sizes=\"auto, (max-width: 430px) 100vw, 430px\" \/><\/figure>\n<\/div>\n\n\n\n<div class=\"wp-block-column is-vertically-aligned-center is-layout-flow wp-block-column-is-layout-flow\">\n<figure class=\"wp-block-image aligncenter size-full\"><a href=\"https:\/\/domaine-lafond.com\/index.php\/story\/\"><img loading=\"lazy\" decoding=\"async\" width=\"112\" height=\"78\" src=\"http:\/\/domaine-lafond.com\/wp-content\/uploads\/2024\/07\/en.jpg\" alt=\"\" class=\"wp-image-134\"\/><\/a><\/figure>\n<\/div>\n<\/div>\n\n\n\n<p><strong>1780<\/strong><\/p>\n\n\n\n<p>Pascal Odoyer, grand-oncle de Jean-Pierre Lafond, gouverneur de Tavel devient l&rsquo;un des premiers vignerons de son village. Son domaine viticole se transmettra de p\u00e8re en fils.<\/p>\n\n\n\n<p><\/p>\n\n\n\n<p><strong>1948<\/strong><\/p>\n\n\n\n<p>Le grand-p\u00e8re de Pascal Lafond, Val\u00e9ry Taulier, construit la premi\u00e8re cave priv\u00e9e de Tavel. Il contribuera beaucoup \u00e0 l&rsquo;essor de l&rsquo;appellation Tavel en cr\u00e9ant des liens entre le n\u00e9goce bourguignon et Tavel.<\/p>\n\n\n\n<p><\/p>\n\n\n\n<p><strong>1970<\/strong><\/p>\n\n\n\n<p>Jean-Pierre Lafond, gendre de Val\u00e9ry Taulier, construit son propre domaine viticole. Amateur de courses passionn\u00e9 de courses hippiques, il baptise son domaine \u00ab\u00a0Roc-Epine\u00a0\u00bb, en souvenir de Roquepine, c\u00e9l\u00e8bre course hippique. C&rsquo;est ainsi qu&rsquo;est n\u00e9 le Domaine Lafond Roc-Epine.<\/p>\n\n\n\n<p><\/p>\n\n\n\n<p><strong>1978<\/strong><\/p>\n\n\n\n<p>Pascal Lafond, fils de Jean-Pierre Lafond, commence \u00e0 travailler au domaine. Avec son p\u00e8re, ils d\u00e9cident d&rsquo;un commun accord de vendre les vins uniquement en bouteilles (Tavel, Lirac et C\u00f4tes du Rh\u00f4ne).<\/p>\n\n\n\n<p><\/p>\n\n\n\n<p><strong>2009<\/strong><\/p>\n\n\n\n<p>Une grande d\u00e9cision a \u00e9t\u00e9 prise, nous entamons la certification biologique. Apr\u00e8s plus de 10 ans d&rsquo;agriculture raisonn\u00e9e, nous faisons un pas de plus pour l&rsquo;environnement en nous engageant dans la voie biologique. Parce que nous savons que c&rsquo;est ce qu&rsquo;il y a de mieux pour nos terroirs et pour nos enfants.<\/p>\n\n\n\n<p><\/p>\n\n\n\n<p><strong>2012<\/strong><\/p>\n\n\n\n<p>Mesdames et messieurs, nous sommes certifi\u00e9 biologique ! Le Domaine Lafond Roc-Epine a enfin obtenu sa certification biologique. Ainsi, \u00e0 partir du mill\u00e9sime 2012, tous nos vins seront certifi\u00e9s biologiques.<\/p>\n\n\n\n<p><\/p>\n\n\n\n<p><strong>2015<\/strong><\/p>\n\n\n\n<p>La nouvelle g\u00e9n\u00e9ration est l\u00e0. Le fils de Pascal Lafond, Jean-Baptiste Lafond, a commenc\u00e9 en d\u00e9but d&rsquo;ann\u00e9e \u00e0 travailler avec nous, apr\u00e8s un BTS Viticulture \u0152nologie \u00e0 Beaune.<\/p>\n\n\n\n<p><\/p>\n\n\n\n<p><strong>2019<\/strong><\/p>\n\n\n\n<p>Apr\u00e8s quelques ann\u00e9es \u00e0 l&rsquo;\u00e9tranger, Fran\u00e7ois Lafond, revient dans l&rsquo;exploitation familiale.<\/p>\n\n\n\n<p><strong>2024<\/strong><\/p>\n\n\n\n<p>Passage de l\u2019enti\u00e8ret\u00e9 du domaine en Biodynamie, certifi\u00e9 par Demeter.<\/p>\n","protected":false},"excerpt":{"rendered":"<p>1780 Pascal Odoyer, grand-oncle de Jean-Pierre Lafond, gouverneur de Tavel devient l&rsquo;un des premiers vignerons de son village. Son domaine [&hellip;]<\/p>\n","protected":false},"author":1,"featured_media":0,"parent":0,"menu_order":0,"comment_status":"closed","ping_status":"closed","template":"","meta":{"site-sidebar-layout":"default","site-content-layout":"","ast-site-content-layout":"","site-content-style":"default","site-sidebar-style":"default","ast-global-header-display":"","ast-banner-title-visibility":"","ast-main-header-display":"","ast-hfb-above-header-display":"","ast-hfb-below-header-display":"","ast-hfb-mobile-header-display":"","site-post-title":"","ast-breadcrumbs-content":"","ast-featured-img":"","footer-sml-layout":"","theme-transparent-header-meta":"","adv-header-id-meta":"","stick-header-meta":"","header-above-stick-meta":"","header-main-stick-meta":"","header-below-stick-meta":"","astra-migrate-meta-layouts":"default","ast-page-background-enabled":"default","ast-page-background-meta":{"desktop":{"background-color":"var(--ast-global-color-4)","background-image":"","background-repeat":"repeat","background-position":"center center","background-size":"auto","background-attachment":"scroll","background-type":"","background-media":"","overlay-type":"","overlay-color":"","overlay-opacity":"","overlay-gradient":""},"tablet":{"background-color":"","background-image":"","background-repeat":"repeat","background-position":"center center","background-size":"auto","background-attachment":"scroll","background-type":"","background-media":"","overlay-type":"","overlay-color":"","overlay-opacity":"","overlay-gradient":""},"mobile":{"background-color":"","background-image":"","background-repeat":"repeat","background-position":"center center","background-size":"auto","background-attachment":"scroll","background-type":"","background-media":"","overlay-type":"","overlay-color":"","overlay-opacity":"","overlay-gradient":""}},"ast-content-background-meta":{"desktop":{"background-color":"var(--ast-global-color-5)","background-image":"","background-repeat":"repeat","background-position":"center center","background-size":"auto","background-attachment":"scroll","background-type":"","background-media":"","overlay-type":"","overlay-color":"","overlay-opacity":"","overlay-gradient":""},"tablet":{"background-color":"var(--ast-global-color-5)","background-image":"","background-repeat":"repeat","background-position":"center center","background-size":"auto","background-attachment":"scroll","background-type":"","background-media":"","overlay-type":"","overlay-color":"","overlay-opacity":"","overlay-gradient":""},"mobile":{"background-color":"var(--ast-global-color-5)","background-image":"","background-repeat":"repeat","background-position":"center center","background-size":"auto","background-attachment":"scroll","background-type":"","background-media":"","overlay-type":"","overlay-color":"","overlay-opacity":"","overlay-gradient":""}},"footnotes":""},"class_list":["post-23","page","type-page","status-publish","hentry"],"_links":{"self":[{"href":"https:\/\/domaine-lafond.com\/index.php\/wp-json\/wp\/v2\/pages\/23","targetHints":{"allow":["GET"]}}],"collection":[{"href":"https:\/\/domaine-lafond.com\/index.php\/wp-json\/wp\/v2\/pages"}],"about":[{"href":"https:\/\/domaine-lafond.com\/index.php\/wp-json\/wp\/v2\/types\/page"}],"author":[{"embeddable":true,"href":"https:\/\/domaine-lafond.com\/index.php\/wp-json\/wp\/v2\/users\/1"}],"replies":[{"embeddable":true,"href":"https:\/\/domaine-lafond.com\/index.php\/wp-json\/wp\/v2\/comments?post=23"}],"version-history":[{"count":6,"href":"https:\/\/domaine-lafond.com\/index.php\/wp-json\/wp\/v2\/pages\/23\/revisions"}],"predecessor-version":[{"id":211,"href":"https:\/\/domaine-lafond.com\/index.php\/wp-json\/wp\/v2\/pages\/23\/revisions\/211"}],"wp:attachment":[{"href":"https:\/\/domaine-lafond.com\/index.php\/wp-json\/wp\/v2\/media?parent=23"}],"curies":[{"name":"wp","href":"https:\/\/api.w.org\/{rel}","templated":true}]}}